of 23 and z?
23
Suppose 2*t + 3*t + 3*n = 27, -n + 13 = 3*t. Suppose l - 182 = 2*v, t*v = -2*l + 399 - 42. Let g = 32 + -17. What is the highest common divisor of l and g?
15
Suppose 2*w = -229 + 217. Let y be (6 - 12)*1/4*w. Let l(q) = q**3 - 6*q**2 - 10*q - 3. Let r be l(8). What is the greatest common divisor of r and y?
9
Let m(t) = 21*t**2 + 544*t - 5. Let q be m(-26). What is the greatest common divisor of 188 and q?
47
Let h = 8 + 8. Suppose 58*v = 35171 - 487. Suppose 47*l = v + 530. What is the highest common factor of l and h?
8
Let f be (-6205)/(-15)*3 + 13. What is the greatest common factor of f and 726?
66
Let t(m) = m + 7. Let z be t(11). Let q(s) = 3*s**2 + 2*s - 3. Let n = 11 - 14. Let p be q(n). What is the greatest common divisor of z and p?
18
Let j be (-63)/(-1)*(-4)/(-12). Suppose 0 = 2*g + 6, -5 - j = -2*h - 2*g. Suppose 17 = a - 63. What is the greatest common divisor of a and h?
16
Let g = -218 + 252. Let s(m) = -m**3 + 37*m**2 - 101*m + 2. Let o be s(g). What is the highest common divisor of 45 and o?
9
Suppose -729 + 4459 = 250*p - 240*p. What is the greatest common divisor of p and 10071?
373
Suppose 3*j - 3*m + 4*m = 300, 12 = 4*m. Let k = j + -96. Suppose 0 = k*z + 2*n - 137, z = -4*n + 3*n + 47. What is the highest common factor of z and 172?
43
Suppose 3*t = 4*h - 6*h + 140, -2*t + 88 = -4*h. Suppose 26 = 4*z - t. Suppose 43*k = 3*k + 480. Calculate the greatest common factor of z and k.
6
Let k(j) = -j**3 + 11*j**2 + 7*j - 75. Let v be k(11). What is the highest common factor of 1250 and v?
2
Suppose 5*d - 5*a - 123 - 32 = 0, 5*d = 2*a + 149. Suppose 0 = -3*j - 29*j + 928. Calculate the greatest common divisor of d and j.
29
Let j(w) = -w**2 + 28*w + 68. Let b be (-418)/18 - 6/(-27). Let f = b + 52. Let t be j(f). Calculate the highest common factor of 13 and t.
13
Let i(j) = j**3 + 17*j**2 + 16*j + 5. Let g be i(-16). Suppose g*t = -t - 78. Let o = 40 + t. Calculate the highest common factor of o and 3.
3
Let o = -3725 + 5507. Calculate the highest common divisor of o and 162.
162
Let s be (0 + -8)/(-1 + -1 + 0). Suppose -7 = -g - s. Suppose 0 = -5*z + 3*n + 229, 2*z - g*n = n + 100. Calculate the greatest common factor of 4 and z.
4
Let r be (-210 + 1)/(32/(-96)) - -2. Calculate the greatest common divisor of r and 187.
17
Suppose -11*x = -6*x - 25. Suppose c + 5*a - 200 = 0, -198 = -c + 2*a - x*a. Calculate the greatest common divisor of 45 and c.
15
Let b(i) = 3*i**2 + 7*i + 1. Let v be b(-5). Suppose 17*f = -1880 + 8850. Calculate the greatest common divisor of v and f.
41
Let t be ((-10)/4)/(800/(-5760)). Calculate the highest common factor of t and 2493.
9
Let g(u) = -25*u + 87. Let a be g(-30). Let i = -472 + a. What is the highest common factor of i and 146?
73
Suppose -5*v = -507 - 258. Suppose -18*w = -14*w + 8, -o + 36 = -w. What is the greatest common factor of o and v?
17
Let w(v) = 275*v + 2382. Let g be w(44). What is the greatest common divisor of 52 and g?
26
Let q = 471 - 468. Suppose -3*b - 128 + 338 = -5*o, q*o = -9. What is the highest common divisor of b and 13?
13
Let m = -1582 - -1594. Let d(z) = -z**3 - 5*z**2 - 5*z - 5. Let r be d(-5). Calculate the highest common factor of m and r.
4
Suppose -4*i - 134 = -2*a, 28 = a - 5*i - 54. What is the greatest common divisor of 18 and a?
3
Suppose 2*w = -k + 7177, 72*k - 68*k - 3585 = -w. What is the highest common factor of 111 and w?
37
Let a be (1 + 4/2)*(-140 + 141). Suppose -a*p + 5*x + 128 = 0, 13*p - 10*p + 3*x = 144. Calculate the highest common divisor of p and 207.
23
Let s be (-35*(1 + 3))/(-2). Let n be 6/(-8)*160/(-30). Suppose -62 = -n*k + 4*o + 14, 0 = -4*o + 4. What is the greatest common factor of k and s?
10
Let b be 892/22 - 21/(-616)*-16. Calculate the greatest common factor of 504 and b.
8
Let r(f) = -56*f - 84. Suppose -2*k - 11 = 5*i, i + 4 = -2*k + 3*i. Let x be r(k). What is the highest common factor of x and 308?
28
Suppose 151 + 91 = -2*i. Suppose 0 = -3*c - f - 438, -97*c = -94*c + 2*f + 435. Let s = i - c. Calculate the greatest common divisor of 104 and s.
26
Let b be 4706/169 + 2/13. Let z be b*15*4/(-16). Let a be 1 + -1 - (-7 + z + -5). What is the greatest common factor of 13 and a?
13
Suppose 4*p + 4*t = -p - 39, 0 = -3*p + 4*t - 49. Let a(n) = n**2 + n - 9. Let q be a(-6). Let s = q + p. What is the greatest common divisor of 4 and s?
2
Let n be (16 - 2)*((-126)/(-4))/(-3). Let i = n + 291. What is the highest common divisor of i and 18?
18
Let m be (8/3)/(34/(-117249)*-19). Let s be (2/4)/(11/1936). What is the highest common factor of m and s?
44
Let a(u) = u**3 - 30*u**2 - 30*u - 32. Let i be a(31). Let g be i + ((-108)/(-11) - (-8)/44). Calculate the highest common divisor of 72 and g.
9
Let z = 11082 - 4240. Calculate the greatest common factor of 22 and z.
22
Let j(p) = p**2 - 13. Let d = 75 - 71. Let q be j(d). Let v be (-2)/(-7) + q*36/14. What is the highest common factor of v and 12?
4
Let t = -295 + 451. Suppose 5 = -y, 5*s = -3*y + t + 234. Let f(k) = k**3 - k**2 + k + 9. Let w be f(0). What is the highest common factor of w and s?
9
Let c(f) = -2*f**2 - 46*f + 31. Let p be c(-14). What is the greatest common divisor of p and 2?
1
Suppose 12*f - 3192 - 1992 = 0. Calculate the greatest common factor of f and 42.
6
Let c = -29 - -58. Let s(f) = 18*f**2 - 2*f + 5. Let p be s(-3). Suppose 59 + p = 8*z. What is the greatest common divisor of z and c?
29
Let w = -13588 - -13643. Calculate the highest common factor of 4037 and w.
11
Suppose -5*u + 3*h - 8*h = -65, 74 = 3*u - 4*h. Let p(o) = o**2 - 11*o - 10. Let d be p(u). Calculate the highest common divisor of 29 and d.
29
Let h = 1102 - 1080. What is the greatest common factor of 6 and h?
2
Let f(p) = 11*p**3 - 7*p**2 + 7*p - 7. Let i be f(4). Suppose 133 = -3*a + i. Suppose -7*y - a = -15*y. What is the highest common factor of 15 and y?
5
Let f(a) = -155*a + 1442. Let u be f(-43). What is the highest common factor of 67 and u?
67
Let t(c) = c**3 + 45*c**2 - 7*c - 138. Let g be t(-45). Calculate the greatest common factor of g and 472.
59
Let q be (15 + -7)/4 + -93 + -1. Let x = q + 96. Suppose 0 = 3*m - 2*m - x*p - 146, m - 2*p = 138. What is the greatest common divisor of 52 and m?
26
Let p = 658 + -645. Suppose -p*w + 170 = -38. Let f be 2 + (-2)/2 - -7. Calculate the greatest common factor of f and w.
8
Let u(w) = w**3 - 47*w**2 + 276*w + 178. Let v be u(40). What is the greatest common divisor of v and 17154?
18
Let a be 30/9 + (2 - 7/3). Let t be a*(-82)/(-24) - 3/12. Suppose -5 = -t*j + 9*j. What is the greatest common factor of j and 20?
5
Let p be ((-3)/2)/(19/38). Let v be (-2 + 8/12)*p. Let m(r) = r**3 - 2*r**2 - r + 8. Let u be m(v). Calculate the greatest common factor of 90 and u.
18
Suppose -3*k - u = -161, 2*u = -0*k - k + 52. Suppose 5*p - 24*f + 23*f - 1437 = 0, 3*p = -5*f + 879. Calculate the highest common factor of p and k.
18
Suppose -8*b + 36 + 4 = 0. Suppose 752 = b*w - 2*o, o + 241 = -3*w + 690. What is the highest common divisor of w and 60?
30
Suppose 2*z + c - 4*c + 1123 = 0, -5*z - 2770 = 5*c. Let r = z + 561. Calculate the highest common factor of r and 14.
2
Suppose 71 = q - 46. Let o be (q/(-45))/(3/(-30)*2). Let c = 117 + -65. Calculate the greatest common divisor of c and o.
13
Let f(a) = -9*a - 3 + 2*a - 9 + 10*a. Let d be f(5). Suppose 0*g = d*g - 162. Calculate the greatest common factor of g and 27.
27
Let f(c) = 34*c**2 - 57*c + 356. Let d be f(8). What is the highest common divisor of 36 and d?
12
Suppose 12*i + 14 = 26. Let p = 3 - 4. Let d be i/(-2)*6 - 68/p. Calculate the highest common factor of d and 13.
13
Suppose f + 0 = j + 2, 0 = 2*j - 10. Suppose -53*o + 57*o = -5*v + 1120, 2*v = 3*o + 448. Calculate the highest common divisor of f and v.
7
Let q be 129/(-3)*2 + -20 + 25. Let h be 9/(-54)*q*60. What is the greatest common factor of h and 60?
30
Let n(h) = -h**3 + 48*h**2 + 8*h + 54. Let v be n(48). What is the highest common divisor of v and 1022?
146
Let w = 10501 + -8791. What is the greatest common divisor of 240 and w?
30
Let r(j) = -29*j - 19. Suppose -318*o + 321*o + 9 = 0. Let x be r(o). Calculate the highest common divisor of 17 and x.
17
Let o = -457 + 693. Suppose 69*l - o = 65*l. What 